{"id":3080,"date":"2023-07-31T09:46:32","date_gmt":"2023-07-31T09:46:32","guid":{"rendered":"https:\/\/wespe-online.de\/?page_id=3080"},"modified":"2023-07-31T09:47:53","modified_gmt":"2023-07-31T09:47:53","slug":"risikoanalyse","status":"publish","type":"page","link":"https:\/\/wespe-online.de\/?page_id=3080","title":{"rendered":"Risikoanalyse"},"content":{"rendered":"\t\t<div data-elementor-type=\"wp-page\" data-elementor-id=\"3080\" class=\"elementor elementor-3080\" data-elementor-post-type=\"page\">\n\t\t\t\t<div class=\"elementor-element elementor-element-02fcf04 e-flex e-con-boxed e-con e-parent\" data-id=\"02fcf04\" data-element_type=\"container\">\n\t\t\t\t\t<div class=\"e-con-inner\">\n\t\t\t\t<div class=\"elementor-element elementor-element-52e8264 elementor-widget elementor-widget-spacer\" data-id=\"52e8264\" data-element_type=\"widget\" data-widget_type=\"spacer.default\">\n\t\t\t\t<div class=\"elementor-widget-container\">\n\t\t\t\t\t\t\t<div class=\"elementor-spacer\">\n\t\t\t<div class=\"elementor-spacer-inner\"><\/div>\n\t\t<\/div>\n\t\t\t\t\t\t<\/div>\n\t\t\t\t<\/div>\n\t\t\t\t\t<\/div>\n\t\t\t\t<\/div>\n\t\t<div class=\"elementor-element elementor-element-c979638 e-flex e-con-boxed e-con e-parent\" data-id=\"c979638\" data-element_type=\"container\">\n\t\t\t\t\t<div class=\"e-con-inner\">\n\t\t\t\t<div class=\"elementor-element elementor-element-22738e7 elementor-widget elementor-widget-heading\" data-id=\"22738e7\" data-element_type=\"widget\" data-widget_type=\"heading.default\">\n\t\t\t\t<div class=\"elementor-widget-container\">\n\t\t\t\t\t<h1 class=\"elementor-heading-title elementor-size-default\">S.V. West-Eimsb\u00fcttel e.V.<\/h1>\t\t\t\t<\/div>\n\t\t\t\t<\/div>\n\t\t\t\t\t<\/div>\n\t\t\t\t<\/div>\n\t\t<div class=\"elementor-element elementor-element-3398d20 e-flex e-con-boxed e-con e-parent\" data-id=\"3398d20\" data-element_type=\"container\">\n\t\t\t\t\t<div class=\"e-con-inner\">\n\t\t\t\t<div class=\"elementor-element elementor-element-e98fc6f elementor-widget elementor-widget-text-editor\" data-id=\"e98fc6f\" data-element_type=\"widget\" data-widget_type=\"text-editor.default\">\n\t\t\t\t<div class=\"elementor-widget-container\">\n\t\t\t\t\t\t\t\t\t<p>\u00a0<\/p><h2 align=\"JUSTIFY\"><span style=\"font-family: Raleway, serif; color: #000000;\"><b>Risikoanalyse zur Pr\u00e4vention sexualisierter Gewalt<\/b><\/span><\/h2><p align=\"JUSTIFY\"><span style=\"font-family: Raleway, serif; color: #000000;\">Der SV West-Eimsb\u00fcttel von 1949 e.V. ist ein Fu\u00dfballverein. Andere Sportarten werden nicht angeboten. Sport bietet f\u00fcr Teilnehmende einen wertvollen Entfaltungsbereich, f\u00f6rdert die allgemeine Fitness, soziale Kontakte und insbesondere bei Kindern und Jugendlichen die Entwicklung k\u00f6rperlicher F\u00e4higkeiten und sozialer Kompetenzen.<\/span><\/p><p align=\"JUSTIFY\"><span style=\"font-family: Raleway, serif; color: #000000;\">Der Kontakt zu Kindern und Jugendlichen beim Trainings- und Spielbetrieb, Vor- und Nachbereitungen und Gemeinschaftsveranstaltungen ist aber auch mit einem potenziellen Risiko f\u00fcr das Auftreten sexualisierter Gewalt verbunden.<\/span><\/p><p align=\"JUSTIFY\"><span style=\"font-family: Raleway, serif; color: #000000;\">Beim Fu\u00dfballtraining kommt es zwar seltener zu K\u00f6rperkontakt durch Hilfestellung\/Korrekturen als in anderen Sportarten, Dusch- und Umkleidesituationen bergen aber ein h\u00f6heres Risiko als Trainings- und Spielbetrieb. \u00dcbernachtungssituationen kommen eher selten vor, aber auch hier wird von einem h\u00f6heren Risiko f\u00fcr das Auftreten sexualisierter Gewalt ausgegangen. Dar\u00fcber hinaus sind Kompetenz- und Altersgef\u00e4lle sowie Geschlechterverh\u00e4ltnisse, -rollen und -identit\u00e4ten als beg\u00fcnstigende Faktoren f\u00fcr sexualisierte Gewalt zu bedenken.<\/span><\/p><p align=\"JUSTIFY\"><span style=\"font-family: Raleway, serif; color: #000000;\">Die oben genannten Handlungsfelder und Faktoren sind in die Risikoanalyse des SV West-Eimsb\u00fcttel eingeflossen. In der folgenden Bewertungstabelle zur Risikoanalyse werden einzelne Handlungsfelder des SV West-Eimsb\u00fcttel aufgef\u00fchrt und gem\u00e4\u00df Empfehlung der Hamburger Sportjugend bewertet.<\/span><\/p><p align=\"JUSTIFY\">\u00a0<\/p>\t\t\t\t\t\t\t\t<\/div>\n\t\t\t\t<\/div>\n\t\t\t\t\t<\/div>\n\t\t\t\t<\/div>\n\t\t<div class=\"elementor-element elementor-element-ea1565a e-flex e-con-boxed e-con e-parent\" data-id=\"ea1565a\" data-element_type=\"container\">\n\t\t\t\t\t<div class=\"e-con-inner\">\n\t\t\t\t<div class=\"elementor-element elementor-element-12ea15d elementor-widget__width-initial elementor-widget elementor-widget-image\" data-id=\"12ea15d\" data-element_type=\"widget\" data-widget_type=\"image.default\">\n\t\t\t\t<div class=\"elementor-widget-container\">\n\t\t\t\t\t\t\t\t\t\t\t\t\t\t\t<img fetchpriority=\"high\" decoding=\"async\" width=\"800\" height=\"421\" src=\"https:\/\/wespe-online.de\/wp-content\/uploads\/2023\/07\/Risikoanalyse-1024x539.png\" class=\"attachment-large size-large wp-image-3082\" alt=\"\" srcset=\"https:\/\/wespe-online.de\/wp-content\/uploads\/2023\/07\/Risikoanalyse-1024x539.png 1024w, https:\/\/wespe-online.de\/wp-content\/uploads\/2023\/07\/Risikoanalyse-300x158.png 300w, https:\/\/wespe-online.de\/wp-content\/uploads\/2023\/07\/Risikoanalyse-768x404.png 768w, https:\/\/wespe-online.de\/wp-content\/uploads\/2023\/07\/Risikoanalyse-1320x694.png 1320w, https:\/\/wespe-online.de\/wp-content\/uploads\/2023\/07\/Risikoanalyse-600x316.png 600w, https:\/\/wespe-online.de\/wp-content\/uploads\/2023\/07\/Risikoanalyse.png 1384w\" sizes=\"(max-width: 800px) 100vw, 800px\" \/>\t\t\t\t\t\t\t\t\t\t\t\t\t\t\t<\/div>\n\t\t\t\t<\/div>\n\t\t\t\t\t<\/div>\n\t\t\t\t<\/div>\n\t\t<div class=\"elementor-element elementor-element-73cbb39 e-flex e-con-boxed e-con e-parent\" data-id=\"73cbb39\" data-element_type=\"container\">\n\t\t\t\t\t<div class=\"e-con-inner\">\n\t\t\t\t<div class=\"elementor-element elementor-element-71f6b83 elementor-widget elementor-widget-text-editor\" data-id=\"71f6b83\" data-element_type=\"widget\" data-widget_type=\"text-editor.default\">\n\t\t\t\t<div class=\"elementor-widget-container\">\n\t\t\t\t\t\t\t\t\t<h5 style=\"text-align: left;\" align=\"JUSTIFY\"><span style=\"font-family: Raleway, serif; color: #000000;\">Handlungsfelder des SV West-Eimsb\u00fcttel mit sehr geringem Risiko:<\/span><\/h5><h5 style=\"text-align: left;\" align=\"JUSTIFY\"><span style=\"color: #000000;\">\u2022 <span style=\"font-family: Raleway, serif;\">Vorstandsarbeit<\/span><\/span><\/h5><h5 style=\"text-align: left;\" align=\"JUSTIFY\"><span style=\"color: #000000;\">\u2022 <span style=\"font-family: Raleway, serif;\">Gesch\u00e4ftsstelle, Verwaltung, Finanzen<\/span><\/span><\/h5><h5 style=\"text-align: left;\" align=\"JUSTIFY\"><span style=\"color: #000000;\">\u2022 <span style=\"font-family: Raleway, serif;\">Leitung Frauen-\/Herrenabteilung<\/span><\/span><\/h5><h5 style=\"text-align: left;\" align=\"JUSTIFY\"><span style=\"color: #000000;\">\u2022 <span style=\"font-family: Raleway, serif;\">Pr\u00e4vention sexualisierter Gewalt<\/span><\/span><\/h5><h5 style=\"text-align: left;\" align=\"JUSTIFY\"><span style=\"color: #000000;\">\u2022 <span style=\"font-family: Raleway, serif;\">Marketing und \u00d6ffentlichkeitsarbeit<\/span><\/span><\/h5><h5 style=\"text-align: left;\" align=\"JUSTIFY\"><span style=\"font-family: Raleway, serif; color: #000000;\">Personen, die in diesen Handlungsfeldern t\u00e4tig sind, haben nicht grunds\u00e4tzlich und regelm\u00e4\u00dfig Kontakt zu Kindern und Jugendlichen. Daher ist von einem sehr geringen Risiko auszugehen.<\/span><\/h5><h5 style=\"text-align: left;\" align=\"JUSTIFY\"><span style=\"font-family: Raleway, serif; color: #000000;\">Handlungsfelder des SV West-Eimsb\u00fcttel mit geringem Risiko:<\/span><\/h5><h5 style=\"text-align: left;\" align=\"JUSTIFY\"><span style=\"color: #000000;\">\u2022 <span style=\"font-family: Raleway, serif;\">Leitung M\u00e4dchen-\/Jugendabteilung<\/span><\/span><\/h5><h5 style=\"text-align: left;\" align=\"JUSTIFY\"><span style=\"color: #000000;\">\u2022 <span style=\"font-family: Raleway, serif;\">Trainer\/in, Betreuer\/in Frauen-\/Herrenabteilung<\/span><\/span><\/h5><h5 style=\"text-align: left;\" align=\"JUSTIFY\"><span style=\"font-family: Raleway, serif; color: #000000;\">Personen, die in diesen Handlungsfeldern t\u00e4tig sind, haben gelegentlich bis oft Kontakt zu Kindern und Jugendlichen, jedoch sind dies keine intensiven und regelm\u00e4\u00dfigen Kontakte im Trainings- und Spielbetrieb. Daher ist von einem geringen Risiko auszugehen.<\/span><\/h5><h5 style=\"text-align: left;\" align=\"JUSTIFY\"><span style=\"font-family: Raleway, serif; color: #000000;\">Handlungsfelder des SV West-Eimsb\u00fcttel mit mittlerem Risiko:<\/span><\/h5><h5 style=\"text-align: left;\" align=\"JUSTIFY\"><span style=\"color: #000000;\">\u2022 <span style=\"font-family: Raleway, serif;\">Trainer\/in, Betreuer\/in M\u00e4dchen-\/Jugendabteilung<\/span><\/span><\/h5><h5 style=\"text-align: left;\" align=\"JUSTIFY\"><span style=\"font-family: Raleway, serif; color: #000000;\">Personen, die in diesem Handlungsfeld t\u00e4tig sind, haben regelm\u00e4\u00dfig qualifizierte Kontakte zu Kindern und Jugendlichen.Im Rahmen der Aufgabenerf\u00fcllung werden oft Umkleider\u00e4ume, seltener Duschr\u00e4ume betreten, es kann auch zu Abh\u00e4ngigkeitssituationen kommen. Daher ist von einem mittleren Risiko auszugehen.<\/span><\/h5><h5 style=\"text-align: left;\" align=\"JUSTIFY\"><span style=\"font-family: Raleway, serif; color: #000000;\">Unabh\u00e4ngig von der Auspr\u00e4gung der einzelnen Risiken nimmt der SV West-Eimsb\u00fcttel diese ernst und hat neben dieser Risikoanalyse verschiedene Ma\u00dfnahmen zum Schutz von Kindern und Jugendlichen im Rahmen der Pr\u00e4vention sexualisierter Gewalt getroffen. Eine Beschreibung dieser Ma\u00dfnahmen findet ihr auf unserer Homepage: <a style=\"color: #000000;\" href=\"https:\/\/wespe-online.de\">https:\/\/wespe-online.de<\/a><\/span><\/h5>\t\t\t\t\t\t\t\t<\/div>\n\t\t\t\t<\/div>\n\t\t\t\t\t<\/div>\n\t\t\t\t<\/div>\n\t\t\t\t<\/div>\n\t\t","protected":false},"excerpt":{"rendered":"<p>S.V. West-Eimsb\u00fcttel e.V. \u00a0 Risikoanalyse zur Pr\u00e4vention sexualisierter Gewalt Der SV West-Eimsb\u00fcttel von 1949 e.V. ist ein Fu\u00dfballverein. Andere Sportarten werden nicht angeboten. Sport bietet f\u00fcr Teilnehmende einen wertvollen Entfaltungsbereich, f\u00f6rdert die allgemeine Fitness, soziale Kontakte und insbesondere bei Kindern und Jugendlichen die Entwicklung k\u00f6rperlicher F\u00e4higkeiten und sozialer Kompetenzen. Der Kontakt zu Kindern und Jugendlichen [&hellip;]<\/p>\n","protected":false},"author":1,"featured_media":0,"parent":0,"menu_order":0,"comment_status":"closed","ping_status":"closed","template":"","meta":{"footnotes":""},"jetpack_sharing_enabled":true,"_links":{"self":[{"href":"https:\/\/wespe-online.de\/index.php?rest_route=\/wp\/v2\/pages\/3080"}],"collection":[{"href":"https:\/\/wespe-online.de\/index.php?rest_route=\/wp\/v2\/pages"}],"about":[{"href":"https:\/\/wespe-online.de\/index.php?rest_route=\/wp\/v2\/types\/page"}],"author":[{"embeddable":true,"href":"https:\/\/wespe-online.de\/index.php?rest_route=\/wp\/v2\/users\/1"}],"replies":[{"embeddable":true,"href":"https:\/\/wespe-online.de\/index.php?rest_route=%2Fwp%2Fv2%2Fcomments&post=3080"}],"version-history":[{"count":4,"href":"https:\/\/wespe-online.de\/index.php?rest_route=\/wp\/v2\/pages\/3080\/revisions"}],"predecessor-version":[{"id":3085,"href":"https:\/\/wespe-online.de\/index.php?rest_route=\/wp\/v2\/pages\/3080\/revisions\/3085"}],"wp:attachment":[{"href":"https:\/\/wespe-online.de\/index.php?rest_route=%2Fwp%2Fv2%2Fmedia&parent=3080"}],"curies":[{"name":"wp","href":"https:\/\/api.w.org\/{rel}","templated":true}]}}