{"id":3043,"date":"2023-07-25T11:53:09","date_gmt":"2023-07-25T11:53:09","guid":{"rendered":"https:\/\/wespe-online.de\/?page_id=3043"},"modified":"2023-07-31T09:55:25","modified_gmt":"2023-07-31T09:55:25","slug":"elementor-3043","status":"publish","type":"page","link":"https:\/\/wespe-online.de\/?page_id=3043","title":{"rendered":"Gewaltpr\u00e4vention"},"content":{"rendered":"\t\t<div data-elementor-type=\"wp-page\" data-elementor-id=\"3043\" class=\"elementor elementor-3043\" data-elementor-post-type=\"page\">\n\t\t\t\t<div class=\"elementor-element elementor-element-0942c3f e-flex e-con-boxed e-con e-parent\" data-id=\"0942c3f\" data-element_type=\"container\">\n\t\t\t\t\t<div class=\"e-con-inner\">\n\t\t\t\t<div class=\"elementor-element elementor-element-e823915 elementor-widget elementor-widget-image\" data-id=\"e823915\" data-element_type=\"widget\" data-widget_type=\"image.default\">\n\t\t\t\t<div class=\"elementor-widget-container\">\n\t\t\t\t\t\t\t\t\t\t\t\t\t\t\t<img fetchpriority=\"high\" decoding=\"async\" width=\"596\" height=\"451\" src=\"https:\/\/wespe-online.de\/wp-content\/uploads\/2023\/07\/deckblatt-psg.png\" class=\"attachment-medium_large size-medium_large wp-image-3045\" alt=\"\" srcset=\"https:\/\/wespe-online.de\/wp-content\/uploads\/2023\/07\/deckblatt-psg.png 596w, https:\/\/wespe-online.de\/wp-content\/uploads\/2023\/07\/deckblatt-psg-300x227.png 300w\" sizes=\"(max-width: 596px) 100vw, 596px\" \/>\t\t\t\t\t\t\t\t\t\t\t\t\t\t\t<\/div>\n\t\t\t\t<\/div>\n\t\t\t\t\t<\/div>\n\t\t\t\t<\/div>\n\t\t<div class=\"elementor-element elementor-element-53e2829 e-flex e-con-boxed e-con e-parent\" data-id=\"53e2829\" data-element_type=\"container\">\n\t\t\t\t\t<div class=\"e-con-inner\">\n\t\t\t\t<div class=\"elementor-element elementor-element-dd2c76b elementor-widget elementor-widget-heading\" data-id=\"dd2c76b\" data-element_type=\"widget\" data-widget_type=\"heading.default\">\n\t\t\t\t<div class=\"elementor-widget-container\">\n\t\t\t\t\t<h2 class=\"elementor-heading-title elementor-size-large\">Pr\u00e4vention\u00a0sexualisierter\u00a0Gewalt<\/h2>\t\t\t\t<\/div>\n\t\t\t\t<\/div>\n\t\t\t\t\t<\/div>\n\t\t\t\t<\/div>\n\t\t<div class=\"elementor-element elementor-element-2a0abe3 e-flex e-con-boxed e-con e-parent\" data-id=\"2a0abe3\" data-element_type=\"container\">\n\t\t\t\t\t<div class=\"e-con-inner\">\n\t\t\t\t<div class=\"elementor-element elementor-element-5fd46af elementor-widget elementor-widget-text-editor\" data-id=\"5fd46af\" data-element_type=\"widget\" data-widget_type=\"text-editor.default\">\n\t\t\t\t<div class=\"elementor-widget-container\">\n\t\t\t\t\t\t\t\t\t<h3><strong><span style=\"color: #000000;\"><span style=\"font-family: PT Sans, serif;\"><span style=\"font-size: medium;\">Pr\u00e4vention\u00a0sexualisierter\u00a0Gewalt\u00a0im\u00a0Sport<\/span><\/span><\/span><\/strong><\/h3><p><span style=\"color: #000000;\"><span style=\"font-family: Raleway, serif;\"><span style=\"font-size: medium;\">Ansprechperson f\u00fcr die Pr\u00e4vention sexualisierter Gewalt im SV West-Eimsb\u00fcttel :<\/span><\/span><\/span><\/p><h3><span style=\"font-family: Helvetica, serif; color: #0000ff;\"><span style=\"font-size: small;\"><span style=\"font-family: Raleway, serif;\"><b>Ramona Jungclas,\u00a0<br \/>Telefon: 017647773033,\u00a0<br \/>Email:\u00a0<\/b><\/span><a style=\"color: #0000ff;\" href=\"mailto:psg@wespe-online.de\"><span style=\"font-family: Raleway, serif;\"><b>psg@wespe-online.de<\/b><\/span><\/a><\/span><\/span><\/h3><p align=\"JUSTIFY\"><span style=\"color: #000000;\"><span style=\"font-family: Raleway, serif;\"><span style=\"font-size: medium;\">Der DOSB, die Hamburger Sportjugend und die angeschlossenen Vereine, so auch der SV West-Eimsb\u00fcttel, engagieren sich in verschiedenen Pr\u00e4ventionsprojekten unter anderem f\u00fcr den Schutz von Kindern und Jugendlichen vor jeder Art von Gewalt, unabh\u00e4ngig davon, ob sie k\u00f6rperlicher, seelischer oder sexualisierter Art ist. Dies hat der SV West-Eimsb\u00fcttel auch in seiner Satzung (\u00a7 2, Nr. 4) festgeschrieben.<\/span><\/span><\/span><\/p><p align=\"JUSTIFY\"><span style=\"color: #000000;\"><span style=\"font-family: Raleway, serif;\"><span style=\"font-size: medium;\"><a href=\"https:\/\/wespe-online.de\/?p=538\">&gt;Hier&lt;<\/a> der Link zur unserer Satzung <\/span><\/span><\/span><span style=\"color: #b0b0b0;\"><span style=\"font-family: Raleway, serif;\"><span style=\"font-size: medium;\"><br \/><\/span><\/span><\/span><\/p><p><span style=\"color: #b0b0b0;\"><span style=\"font-family: Raleway, serif;\"><span style=\"font-size: medium;\"><br \/><span style=\"color: #000000;\">Seit der bundesweiten Diskussion um sexuellen Missbrauch in Institutionen setzt sich der Sport verst\u00e4rkt mit dieser Thematik auseinander. Die Verabschiedung der Erkl\u00e4rung \u201eSchutz vor sexualisierter Gewalt im Sport \u2013 Vorbeugen und Aufkl\u00e4ren, Hinsehen und Handeln!\u201c bildete\u00a0auf der DOSB-Mitgliederversammlung\u00a0im Dezember 2010 den Auftakt.<\/span><\/span><\/span><\/span><\/p><p><a href=\"https:\/\/www.hamburger-sportjugend.de\/images\/10_DOSB-ErklrungzumSchutzvorsexualisierterGewaltimSport.pdf\" target=\"_blank\" rel=\"noopener\"><span style=\"color: #0070c0;\"><span style=\"font-family: Raleway, serif;\"><span style=\"font-size: medium;\"><u>Link: DOSB-Erkl\u00e4rung zum Schutz vor sexualisierter Gewalt im Sport<\/u><\/span><\/span><\/span><\/a><\/p><p align=\"JUSTIFY\"><span style=\"color: #000000;\"><span style=\"font-family: Raleway, serif;\"><span style=\"font-size: medium;\">Im Dezember 2011 haben Z\u00fcndfunke e.V., der Verein zur Pr\u00e4vention und Intervention zu sexuellem Missbrauch an Kindern und Frauen, und die Hamburger Sportjugend einen Kooperationsvertrag abgeschlossen, um sich gemeinsam nachhaltig f\u00fcr den Schutz vor sexualisierter Gewalt stark zu machen.\u00a0Dieser Kooperation hat sich der S.V. West-Eimsb\u00fcttel e.v. angeschlossen und einen umfangreichen Ma\u00dfnahmenkatalog entwickelt, der sich an den Vorgaben der Hamburger Sportjugend orientiert:\u00a0<\/span><\/span><\/span><\/p><ol><li><p><span style=\"color: #0070c0;\"><span style=\"font-family: Raleway, serif;\"><span style=\"font-size: medium;\"><b>Einsichtnahme in die erweiterten F\u00fchrungszeugnisse<\/b><\/span><\/span><\/span><span style=\"color: #0070c0;\"><span style=\"font-family: Raleway, serif;\"><span style=\"font-size: medium;\">\u00a0<\/span><\/span><\/span><span style=\"color: #000000;\"><span style=\"font-family: Raleway, serif;\"><span style=\"font-size: medium;\">bei qualifizierten Kontakten zu Kindern und Jugendlichen (Trainer\/innen, Betreuer\/innen usw. Die Einsicht in das erweiterte F\u00fchrungszeugnis wird in einer Nachweisliste vermerkt.<br \/><\/span><\/span><\/span><\/p><\/li><li><p><span style=\"color: #000000;\"><span style=\"font-family: Raleway, serif;\"><span style=\"font-size: medium;\">Wir besch\u00e4ftigen keine Personen, die rechtskr\u00e4ftig wegen einer Straftat gem\u00e4\u00df \u00a772a SGB VIII verurteilt worden sind. Auch werden Personen vom Kontakt mit Minderj\u00e4hrigen im Rahmen der Vereinsarbeit\u00a0ausgeschlossen, gegen die ein solches polizeiliches Ermittlungsverfahren oder staatsanwaltliches Klageverfahren anh\u00e4ngig ist.<br \/><\/span><\/span><\/span><\/p><\/li><li><p><span style=\"color: #000000;\"><span style=\"font-family: Raleway, serif;\"><span style=\"font-size: medium;\">Die Ansprechpersonen des SV West-Eimsb\u00fcttel f\u00fcr die Pr\u00e4vention sexualisierter Gewalt haben an Fortbildungen des Z\u00fcndfunke e.V. (siehe oben) und der Hamburger Sportjugend teilgenommen.\u00a0<\/span><\/span><\/span><span style=\"color: #0070c0;\"><span style=\"font-family: Raleway, serif;\"><span style=\"font-size: medium;\">Als PSG-Ansprechperson ist Ramona Jungclas, Tel.: 017647773033, jederzeit f\u00fcr Sie erreichbar.\u00a0<br \/><\/span><\/span><\/span><\/p><\/li><li><p><span style=\"color: #b0b0b0;\"><span style=\"font-family: Raleway, serif;\"><span style=\"font-size: medium;\"><span style=\"color: #000000;\">Die\u00a0Kontaktdaten\u00a0der<\/span>\u00a0<\/span><\/span><\/span><span style=\"color: #0070c0;\"><span style=\"font-family: Raleway, serif;\"><span style=\"font-size: medium;\"><b>PSG-Ansprechperson<\/b><\/span><\/span><\/span><span style=\"color: #000000;\"><span style=\"font-family: Raleway, serif;\"><span style=\"font-size: medium;\">\u00a0<\/span><\/span><\/span><span style=\"color: #b0b0b0;\"><span style=\"font-family: Raleway, serif;\"><span style=\"font-size: medium;\"><span style=\"color: #000000;\">sind auf unserer Webseite ver\u00f6ffentlicht.<\/span><br \/><\/span><\/span><\/span><\/p><\/li><li><p><span style=\"color: #000000;\"><span style=\"font-family: Raleway, serif;\"><span style=\"font-size: medium;\">Alle Personen, die in der Kinder- und Jugendarbeit t\u00e4tig sind, haben den vom DOSB und der Hamburger Sportjugend erarbeiteten\u00a0<\/span><\/span><\/span><span style=\"color: #0070c0;\"><span style=\"font-family: Raleway, serif;\"><span style=\"font-size: medium;\"><b>Ehrenkodex<\/b><\/span><\/span><\/span><span style=\"color: #b0b0b0;\"><span style=\"font-family: Raleway, serif;\"><span style=\"font-size: medium;\">\u00a0<span style=\"color: #000000;\">unterschrieben und sich so zur Einhaltung verpflichtet.<\/span><br \/><\/span><\/span><\/span><\/p><\/li><li><p><span style=\"color: #000000;\"><span style=\"font-family: Raleway, serif;\"><span style=\"font-size: medium;\">Zus\u00e4tzlich zum Ehrenkodex haben wir konkrete\u00a0<\/span><\/span><\/span><span style=\"color: #0070c0;\"><span style=\"font-family: Raleway, serif;\"><span style=\"font-size: medium;\"><b>Verhaltensregeln<\/b><\/span><\/span><\/span><span style=\"color: #b0b0b0;\"><span style=\"font-family: Raleway, serif;\"><span style=\"font-size: medium;\"><span style=\"color: #000000;\">\u00a0f\u00fcr alle Mitarbeiter\/innen in der Kinder- und Jugendarbeit aufgestellt.<\/span><br \/><span style=\"color: #000000;\">Die Verhaltensregeln finden Sie<\/span>\u00a0<\/span><\/span><\/span><span style=\"color: #ff0000;\"><span style=\"font-family: Raleway, serif;\"><span style=\"font-size: medium;\"><u>hier<\/u><\/span><\/span><\/span><span style=\"color: #b0b0b0;\"><span style=\"font-family: Raleway, serif;\"><span style=\"font-size: medium;\">.<br \/><\/span><\/span><\/span><\/p><\/li><li><p><span style=\"color: #000000;\"><span style=\"font-family: Raleway, serif;\"><span style=\"font-size: medium;\">F\u00fcr die verschiedenen Aufgaben und Handlungsfelder im SV West-Eimsb\u00fcttel haben wir eine\u00a0<\/span><\/span><\/span><span style=\"color: #0070c0;\"><span style=\"font-family: Raleway, serif;\"><span style=\"font-size: medium;\"><b>Risikoanalyse<\/b><\/span><\/span><\/span><span style=\"color: #b0b0b0;\"><span style=\"font-family: Raleway, serif;\"><span style=\"font-size: medium;\">\u00a0<span style=\"color: #000000;\">erstellt,<\/span> <span style=\"color: #000000;\">die Sie<\/span>\u00a0<\/span><\/span><\/span><span style=\"color: #ff0000;\"><span style=\"font-family: Raleway, serif;\"><span style=\"font-size: medium;\"><u>hier<\/u><\/span><\/span><\/span><span style=\"color: #b0b0b0;\"><span style=\"font-family: Raleway, serif;\"><span style=\"font-size: medium;\">\u00a0<span style=\"color: #000000;\">einsehen k\u00f6nnen.<\/span><br \/><\/span><\/span><\/span><\/p><\/li><li><p><span style=\"color: #b0b0b0;\"><span style=\"font-family: Raleway, serif;\"><span style=\"font-size: medium;\"><span style=\"color: #000000;\">Wir haben<\/span> <span style=\"color: #000000;\">einen<\/span>\u00a0<\/span><\/span><\/span><span style=\"color: #0070c0;\"><span style=\"font-family: Raleway, serif;\"><span style=\"font-size: medium;\"><b>Interventionsleitfaden<\/b><\/span><\/span><\/span><span style=\"color: #b0b0b0;\"><span style=\"font-family: Raleway, serif;\"><span style=\"font-size: medium;\">\u00a0<span style=\"color: #000000;\">erstellt, aus dem hervorgeht, welche Ma\u00dfnahmen bei Verdachtsf\u00e4llen oder in F\u00e4llen sexualisierter Gewalt zu treffen sind.\u00a0Diesen Interventionsleitfaden k\u00f6nnen Sie\u00a0<\/span><\/span><\/span><\/span><span style=\"color: #ff0000;\"><span style=\"font-family: Raleway, serif;\"><span style=\"font-size: medium;\"><u>hier<\/u><\/span><\/span><\/span><span style=\"color: #b0b0b0;\"><span style=\"font-family: Raleway, serif;\"><span style=\"font-size: medium;\">\u00a0<span style=\"color: #000000;\">einsehen.<\/span><br \/><\/span><\/span><\/span><\/p><\/li><li><p><span style=\"color: #b0b0b0;\"><span style=\"font-family: Raleway, serif;\"><span style=\"font-size: medium;\"><span style=\"color: #000000;\">Als<\/span>\u00a0<\/span><\/span><\/span><span style=\"color: #0070c0;\"><span style=\"font-family: Raleway, serif;\"><span style=\"font-size: medium;\"><b>Beschwerdestelle<\/b><\/span><\/span><\/span><span style=\"color: #b0b0b0;\"><span style=\"font-family: Raleway, serif;\"><span style=\"font-size: medium;\"><span style=\"color: #000000;\">\u00a0in allen Angelegenheiten der Pr\u00e4vention und Intervention bez\u00fcglich sexualisierter Gewalt fungiert unsere PSG-Ansprechperson (siehe oben).\u00a0Weitere Informationen zum PSG-Beschwerdemanagement des SV West-Eimsb\u00fcttel finden Sie<\/span>\u00a0<\/span><\/span><\/span><span style=\"color: #ff0000;\"><span style=\"font-family: Raleway, serif;\"><span style=\"font-size: medium;\"><u>hier<\/u><\/span><\/span><\/span><span style=\"color: #b0b0b0;\"><span style=\"font-family: Raleway, serif;\"><span style=\"font-size: medium;\">.<\/span><\/span><\/span><\/p><\/li><\/ol><p><span style=\"color: #000000;\"><span style=\"font-family: Raleway, serif;\"><span style=\"font-size: medium;\">Bei Fragen zur Pr\u00e4vention sexualisierter Gewalt oder zu den o.g. Ma\u00dfnahmen wenden Sie sich bitte an die oben genannte Ansprechperson.\u00a0<\/span><\/span><\/span><\/p><p><span style=\"color: #000000;\"><span style=\"font-family: Raleway, serif;\"><span style=\"font-size: medium;\">Weiterf\u00fchrende Informationen finden Sie auf den Seiten der Hamburger Sportjugend:<\/span><\/span><\/span><\/p><p><a href=\"https:\/\/www.hamburger-sportjugend.de\/praevention\/sexualisierte-gewalt\" target=\"_blank\" rel=\"noopener\"><span style=\"color: #0070c0;\"><span style=\"font-family: Raleway, serif;\"><span style=\"font-size: medium;\"><u>https:\/\/www.hamburger-sportjugend.de\/praevention\/sexualisierte-gewalt<\/u><\/span><\/span><\/span><\/a><\/p>\t\t\t\t\t\t\t\t<\/div>\n\t\t\t\t<\/div>\n\t\t\t\t\t<\/div>\n\t\t\t\t<\/div>\n\t\t\t\t<\/div>\n\t\t","protected":false},"excerpt":{"rendered":"<p>Pr\u00e4vention\u00a0sexualisierter\u00a0Gewalt Pr\u00e4vention\u00a0sexualisierter\u00a0Gewalt\u00a0im\u00a0Sport Ansprechperson f\u00fcr die Pr\u00e4vention sexualisierter Gewalt im SV West-Eimsb\u00fcttel : Ramona Jungclas,\u00a0Telefon: 017647773033,\u00a0Email:\u00a0psg@wespe-online.de Der DOSB, die Hamburger Sportjugend und die angeschlossenen Vereine, so auch der SV West-Eimsb\u00fcttel, engagieren sich in verschiedenen Pr\u00e4ventionsprojekten unter anderem f\u00fcr den Schutz von Kindern und Jugendlichen vor jeder Art von Gewalt, unabh\u00e4ngig davon, ob sie k\u00f6rperlicher, seelischer oder [&hellip;]<\/p>\n","protected":false},"author":1,"featured_media":0,"parent":1153,"menu_order":2,"comment_status":"closed","ping_status":"closed","template":"","meta":{"footnotes":""},"jetpack_sharing_enabled":true,"_links":{"self":[{"href":"https:\/\/wespe-online.de\/index.php?rest_route=\/wp\/v2\/pages\/3043"}],"collection":[{"href":"https:\/\/wespe-online.de\/index.php?rest_route=\/wp\/v2\/pages"}],"about":[{"href":"https:\/\/wespe-online.de\/index.php?rest_route=\/wp\/v2\/types\/page"}],"author":[{"embeddable":true,"href":"https:\/\/wespe-online.de\/index.php?rest_route=\/wp\/v2\/users\/1"}],"replies":[{"embeddable":true,"href":"https:\/\/wespe-online.de\/index.php?rest_route=%2Fwp%2Fv2%2Fcomments&post=3043"}],"version-history":[{"count":24,"href":"https:\/\/wespe-online.de\/index.php?rest_route=\/wp\/v2\/pages\/3043\/revisions"}],"predecessor-version":[{"id":3746,"href":"https:\/\/wespe-online.de\/index.php?rest_route=\/wp\/v2\/pages\/3043\/revisions\/3746"}],"up":[{"embeddable":true,"href":"https:\/\/wespe-online.de\/index.php?rest_route=\/wp\/v2\/pages\/1153"}],"wp:attachment":[{"href":"https:\/\/wespe-online.de\/index.php?rest_route=%2Fwp%2Fv2%2Fmedia&parent=3043"}],"curies":[{"name":"wp","href":"https:\/\/api.w.org\/{rel}","templated":true}]}}