{"id":1153,"date":"2023-02-09T09:54:17","date_gmt":"2023-02-09T09:54:17","guid":{"rendered":"https:\/\/wespe-online.de\/home\/"},"modified":"2026-03-17T11:28:40","modified_gmt":"2026-03-17T11:28:40","slug":"verein","status":"publish","type":"page","link":"https:\/\/wespe-online.de\/","title":{"rendered":"Verein"},"content":{"rendered":"\t\t<div data-elementor-type=\"wp-page\" data-elementor-id=\"1153\" class=\"elementor elementor-1153\" data-elementor-post-type=\"page\">\n\t\t\t\t<div class=\"elementor-element elementor-element-eb8d0ae e-flex e-con-boxed e-con e-parent\" data-id=\"eb8d0ae\" data-element_type=\"container\">\n\t\t\t\t\t<div class=\"e-con-inner\">\n\t\t<div class=\"elementor-element elementor-element-4f8aa3a e-con-full e-flex e-con e-child\" data-id=\"4f8aa3a\" data-element_type=\"container\">\n\t\t\t\t<div class=\"elementor-element elementor-element-e6121ad elementor-widget__width-inherit elementor-widget-tablet__width-initial elementor-widget elementor-widget-text-editor\" data-id=\"e6121ad\" data-element_type=\"widget\" data-widget_type=\"text-editor.default\">\n\t\t\t\t<div class=\"elementor-widget-container\">\n\t\t\t\t\t\t\t\t\t<h4 style=\"text-align: center;\">Willkommen beim SV West-Eimsb\u00fcttel!<\/h4><p style=\"text-align: center;\">\u00a0Wir sind ein Sportverein mit langer Tradition und konzentrieren uns auf Fu\u00dfball und Tischtennis.<\/p><p style=\"text-align: center;\">Wir suchen laufend engagierte Schiedsrichter und Trainer f\u00fcr unsere Jugendteams, die wir herzlich einladen, Teil unseres Teams zu werden.<\/p><p style=\"text-align: center;\">Wir bedanken uns bei unseren gro\u00dfz\u00fcgigen Sponsoren, Helfern, dem Vorstand und allen Unterst\u00fctzern, die ma\u00dfgeblich zu unserer positiven Gemeinschaft und dem Gelingen unseres k\u00fcrzlich gefeierten 100-j\u00e4hrigen Jubil\u00e4ums beigetragen haben.<\/p><p style=\"text-align: center;\">Besucht unser Social Media f\u00fcr alle Informationen und Spieltermine unserer Mannschaften \u2013 wir freuen uns auf eure Unterst\u00fctzung!<\/p>\t\t\t\t\t\t\t\t<\/div>\n\t\t\t\t<\/div>\n\t\t\t\t<\/div>\n\t\t<div class=\"elementor-element elementor-element-09bbd1c e-con-full e-flex e-con e-child\" data-id=\"09bbd1c\" data-element_type=\"container\">\n\t\t\t\t<div class=\"elementor-element elementor-element-dacb160 elementor-widget elementor-widget-text-editor\" data-id=\"dacb160\" data-element_type=\"widget\" data-widget_type=\"text-editor.default\">\n\t\t\t\t<div class=\"elementor-widget-container\">\n\t\t\t\t\t\t\t\t\t<h2 style=\"text-align: center;\"><span style=\"color: #0000ff;\"><strong>Aktuelles<\/strong><\/span><\/h2>\t\t\t\t\t\t\t\t<\/div>\n\t\t\t\t<\/div>\n\t\t\t\t<div class=\"elementor-element elementor-element-988c91a elementor-widget elementor-widget-image\" data-id=\"988c91a\" data-element_type=\"widget\" data-widget_type=\"image.default\">\n\t\t\t\t<div class=\"elementor-widget-container\">\n\t\t\t\t\t\t\t\t\t\t\t\t\t\t\t\t<a href=\"https:\/\/wespe-online.de\/?page_id=3842\">\n\t\t\t\t\t\t\t<img fetchpriority=\"high\" decoding=\"async\" width=\"905\" height=\"1280\" src=\"https:\/\/wespe-online.de\/wp-content\/uploads\/2026\/03\/micahlis.jpeg\" class=\"attachment-full size-full wp-image-3759\" alt=\"\" srcset=\"https:\/\/wespe-online.de\/wp-content\/uploads\/2026\/03\/micahlis.jpeg 905w, https:\/\/wespe-online.de\/wp-content\/uploads\/2026\/03\/micahlis-212x300.jpeg 212w, https:\/\/wespe-online.de\/wp-content\/uploads\/2026\/03\/micahlis-724x1024.jpeg 724w, https:\/\/wespe-online.de\/wp-content\/uploads\/2026\/03\/micahlis-768x1086.jpeg 768w, https:\/\/wespe-online.de\/wp-content\/uploads\/2026\/03\/micahlis-600x849.jpeg 600w\" sizes=\"(max-width: 905px) 100vw, 905px\" \/>\t\t\t\t\t\t\t\t<\/a>\n\t\t\t\t\t\t\t\t\t\t\t\t\t\t\t<\/div>\n\t\t\t\t<\/div>\n\t\t\t\t<\/div>\n\t\t<div class=\"elementor-element elementor-element-c9670d6 e-con-full e-flex e-con e-child\" data-id=\"c9670d6\" data-element_type=\"container\">\n\t\t\t\t<div class=\"elementor-element elementor-element-665f5de elementor-widget elementor-widget-heading\" data-id=\"665f5de\" data-element_type=\"widget\" data-widget_type=\"heading.default\">\n\t\t\t\t<div class=\"elementor-widget-container\">\n\t\t\t\t\t<h2 class=\"elementor-heading-title elementor-size-default\">Unsere Partner<\/h2>\t\t\t\t<\/div>\n\t\t\t\t<\/div>\n\t\t<div class=\"elementor-element elementor-element-220a2d7 e-grid e-con-full e-con e-child\" data-id=\"220a2d7\" data-element_type=\"container\">\n\t\t\t\t<div class=\"elementor-element elementor-element-da37962 elementor-widget elementor-widget-image\" data-id=\"da37962\" data-element_type=\"widget\" data-widget_type=\"image.default\">\n\t\t\t\t<div class=\"elementor-widget-container\">\n\t\t\t\t\t\t\t\t\t\t\t\t\t\t\t\t<a href=\"https:\/\/www.gebr-seemann-und-maler-matzen.de\/\" target=\"_blank\" rel=\"noopener\">\n\t\t\t\t\t\t\t<img decoding=\"async\" width=\"150\" height=\"150\" src=\"https:\/\/wespe-online.de\/wp-content\/uploads\/2026\/03\/maatzen-150x150.jpg\" class=\"attachment-thumbnail size-thumbnail wp-image-3758\" alt=\"\" srcset=\"https:\/\/wespe-online.de\/wp-content\/uploads\/2026\/03\/maatzen-150x150.jpg 150w, https:\/\/wespe-online.de\/wp-content\/uploads\/2026\/03\/maatzen-300x300.jpg 300w, https:\/\/wespe-online.de\/wp-content\/uploads\/2026\/03\/maatzen-1024x1024.jpg 1024w, https:\/\/wespe-online.de\/wp-content\/uploads\/2026\/03\/maatzen-768x768.jpg 768w, https:\/\/wespe-online.de\/wp-content\/uploads\/2026\/03\/maatzen-1536x1536.jpg 1536w, https:\/\/wespe-online.de\/wp-content\/uploads\/2026\/03\/maatzen-600x600.jpg 600w, https:\/\/wespe-online.de\/wp-content\/uploads\/2026\/03\/maatzen-100x100.jpg 100w, https:\/\/wespe-online.de\/wp-content\/uploads\/2026\/03\/maatzen.jpg 2048w\" sizes=\"(max-width: 150px) 100vw, 150px\" \/>\t\t\t\t\t\t\t\t<\/a>\n\t\t\t\t\t\t\t\t\t\t\t\t\t\t\t<\/div>\n\t\t\t\t<\/div>\n\t\t\t\t<div class=\"elementor-element elementor-element-69ba871 elementor-widget elementor-widget-image\" data-id=\"69ba871\" data-element_type=\"widget\" data-widget_type=\"image.default\">\n\t\t\t\t<div class=\"elementor-widget-container\">\n\t\t\t\t\t\t\t\t\t\t\t\t\t\t\t\t<a href=\"https:\/\/physiovision.org\/opengymwellpass?gad_source=1&#038;gad_campaignid=22346654520&#038;gbraid=0AAAAA9R5bnRFljuwDxCxxsBD5WSyv8dcz&#038;gclid=CjwKCAjw1N7NBhAoEiwAcPchpyI2DTSQ-lIsIg3byGA_lTFreZ-6zww_8bNM0KLN-BDHNpm95H1lyhoCVWwQAvD_BwE\" target=\"_blank\" rel=\"noopener\">\n\t\t\t\t\t\t\t<img decoding=\"async\" width=\"150\" height=\"150\" src=\"https:\/\/wespe-online.de\/wp-content\/uploads\/2026\/03\/WhatsApp-Image-2026-03-10-at-10.32.41-150x150.jpeg\" class=\"attachment-thumbnail size-thumbnail wp-image-3757\" alt=\"\" srcset=\"https:\/\/wespe-online.de\/wp-content\/uploads\/2026\/03\/WhatsApp-Image-2026-03-10-at-10.32.41-150x150.jpeg 150w, https:\/\/wespe-online.de\/wp-content\/uploads\/2026\/03\/WhatsApp-Image-2026-03-10-at-10.32.41-300x300.jpeg 300w, https:\/\/wespe-online.de\/wp-content\/uploads\/2026\/03\/WhatsApp-Image-2026-03-10-at-10.32.41-1024x1024.jpeg 1024w, https:\/\/wespe-online.de\/wp-content\/uploads\/2026\/03\/WhatsApp-Image-2026-03-10-at-10.32.41-768x768.jpeg 768w, https:\/\/wespe-online.de\/wp-content\/uploads\/2026\/03\/WhatsApp-Image-2026-03-10-at-10.32.41-1536x1536.jpeg 1536w, https:\/\/wespe-online.de\/wp-content\/uploads\/2026\/03\/WhatsApp-Image-2026-03-10-at-10.32.41-600x600.jpeg 600w, https:\/\/wespe-online.de\/wp-content\/uploads\/2026\/03\/WhatsApp-Image-2026-03-10-at-10.32.41-100x100.jpeg 100w, https:\/\/wespe-online.de\/wp-content\/uploads\/2026\/03\/WhatsApp-Image-2026-03-10-at-10.32.41.jpeg 1600w\" sizes=\"(max-width: 150px) 100vw, 150px\" \/>\t\t\t\t\t\t\t\t<\/a>\n\t\t\t\t\t\t\t\t\t\t\t\t\t\t\t<\/div>\n\t\t\t\t<\/div>\n\t\t\t\t<\/div>\n\t\t\t\t<\/div>\n\t\t\t\t\t<\/div>\n\t\t\t\t<\/div>\n\t\t<div class=\"elementor-element elementor-element-42da352 e-flex e-con-boxed e-con e-parent\" data-id=\"42da352\" data-element_type=\"container\">\n\t\t\t\t\t<div class=\"e-con-inner\">\n\t\t\t\t<div class=\"elementor-element elementor-element-534ab55 elementor-widget-divider--view-line elementor-widget elementor-widget-divider\" data-id=\"534ab55\" data-element_type=\"widget\" data-widget_type=\"divider.default\">\n\t\t\t\t<div class=\"elementor-widget-container\">\n\t\t\t\t\t\t\t<div class=\"elementor-divider\">\n\t\t\t<span class=\"elementor-divider-separator\">\n\t\t\t\t\t\t<\/span>\n\t\t<\/div>\n\t\t\t\t\t\t<\/div>\n\t\t\t\t<\/div>\n\t\t\t\t\t<\/div>\n\t\t\t\t<\/div>\n\t\t<div class=\"elementor-element elementor-element-431e90b e-flex e-con-boxed e-con e-parent\" data-id=\"431e90b\" data-element_type=\"container\">\n\t\t\t\t\t<div class=\"e-con-inner\">\n\t\t\t\t<div class=\"elementor-element elementor-element-c255aa0 elementor-widget-tablet__width-initial elementor-widget elementor-widget-image\" data-id=\"c255aa0\" data-element_type=\"widget\" data-widget_type=\"image.default\">\n\t\t\t\t<div class=\"elementor-widget-container\">\n\t\t\t\t\t\t\t\t\t\t\t\t\t\t\t\t<a href=\"https:\/\/wespe-online.de\/?page_id=3003\">\n\t\t\t\t\t\t\t<img loading=\"lazy\" decoding=\"async\" width=\"768\" height=\"486\" src=\"https:\/\/wespe-online.de\/wp-content\/uploads\/2023\/05\/Wespe_Unser_Ding-768x486.jpg\" class=\"attachment-medium_large size-medium_large wp-image-2441\" alt=\"\" srcset=\"https:\/\/wespe-online.de\/wp-content\/uploads\/2023\/05\/Wespe_Unser_Ding-768x486.jpg 768w, https:\/\/wespe-online.de\/wp-content\/uploads\/2023\/05\/Wespe_Unser_Ding-300x190.jpg 300w, https:\/\/wespe-online.de\/wp-content\/uploads\/2023\/05\/Wespe_Unser_Ding.jpg 993w\" sizes=\"(max-width: 768px) 100vw, 768px\" \/>\t\t\t\t\t\t\t\t<\/a>\n\t\t\t\t\t\t\t\t\t\t\t\t\t\t\t<\/div>\n\t\t\t\t<\/div>\n\t\t\t\t\t<\/div>\n\t\t\t\t<\/div>\n\t\t<div class=\"elementor-element elementor-element-0cf7dfd e-flex e-con-boxed e-con e-parent\" data-id=\"0cf7dfd\" data-element_type=\"container\">\n\t\t\t\t\t<div class=\"e-con-inner\">\n\t\t\t\t<div class=\"elementor-element elementor-element-1a57f88 elementor-widget elementor-widget-google_maps\" data-id=\"1a57f88\" data-element_type=\"widget\" data-widget_type=\"google_maps.default\">\n\t\t\t\t<div class=\"elementor-widget-container\">\n\t\t\t\t\t\t\t<div class=\"elementor-custom-embed\">\n\t\t\t<iframe loading=\"lazy\"\n\t\t\t\t\tsrc=\"https:\/\/maps.google.com\/maps?q=Vogt-K%C3%B6lln-Stra%C3%9Fe%2050%2022527%20Hamburg&#038;t=m&#038;z=10&#038;output=embed&#038;iwloc=near\"\n\t\t\t\t\ttitle=\"Vogt-K\u00f6lln-Stra\u00dfe 50 22527 Hamburg\"\n\t\t\t\t\taria-label=\"Vogt-K\u00f6lln-Stra\u00dfe 50 22527 Hamburg\"\n\t\t\t><\/iframe>\n\t\t<\/div>\n\t\t\t\t\t\t<\/div>\n\t\t\t\t<\/div>\n\t\t\t\t\t<\/div>\n\t\t\t\t<\/div>\n\t\t\t\t<\/div>\n\t\t","protected":false},"excerpt":{"rendered":"<p>Willkommen beim SV West-Eimsb\u00fcttel! \u00a0Wir sind ein Sportverein mit langer Tradition und konzentrieren uns auf Fu\u00dfball und Tischtennis. Wir suchen laufend engagierte Schiedsrichter und Trainer f\u00fcr unsere Jugendteams, die wir herzlich einladen, Teil unseres Teams zu werden. Wir bedanken uns bei unseren gro\u00dfz\u00fcgigen Sponsoren, Helfern, dem Vorstand und allen Unterst\u00fctzern, die ma\u00dfgeblich zu unserer positiven [&hellip;]<\/p>\n","protected":false},"author":1,"featured_media":0,"parent":0,"menu_order":0,"comment_status":"closed","ping_status":"closed","template":"","meta":{"footnotes":""},"jetpack_sharing_enabled":true,"_links":{"self":[{"href":"https:\/\/wespe-online.de\/index.php?rest_route=\/wp\/v2\/pages\/1153"}],"collection":[{"href":"https:\/\/wespe-online.de\/index.php?rest_route=\/wp\/v2\/pages"}],"about":[{"href":"https:\/\/wespe-online.de\/index.php?rest_route=\/wp\/v2\/types\/page"}],"author":[{"embeddable":true,"href":"https:\/\/wespe-online.de\/index.php?rest_route=\/wp\/v2\/users\/1"}],"replies":[{"embeddable":true,"href":"https:\/\/wespe-online.de\/index.php?rest_route=%2Fwp%2Fv2%2Fcomments&post=1153"}],"version-history":[{"count":654,"href":"https:\/\/wespe-online.de\/index.php?rest_route=\/wp\/v2\/pages\/1153\/revisions"}],"predecessor-version":[{"id":3887,"href":"https:\/\/wespe-online.de\/index.php?rest_route=\/wp\/v2\/pages\/1153\/revisions\/3887"}],"wp:attachment":[{"href":"https:\/\/wespe-online.de\/index.php?rest_route=%2Fwp%2Fv2%2Fmedia&parent=1153"}],"curies":[{"name":"wp","href":"https:\/\/api.w.org\/{rel}","templated":true}]}}